{"id":715,"date":"2017-07-27T06:35:26","date_gmt":"2017-07-27T06:35:26","guid":{"rendered":"https:\/\/websitedemos.net\/dental-free\/?page_id=5"},"modified":"2024-10-08T07:05:15","modified_gmt":"2024-10-08T07:05:15","slug":"home","status":"publish","type":"page","link":"https:\/\/www.multimobil.cz\/","title":{"rendered":"Home"},"content":{"rendered":"\t\t<div data-elementor-type=\"wp-post\" data-elementor-id=\"715\" class=\"elementor elementor-715\">\n\t\t\t\t\t\t\t\t\t<section class=\"elementor-section elementor-top-section elementor-element elementor-element-1cb2a28 elementor-section-boxed elementor-section-height-default elementor-section-height-default\" data-id=\"1cb2a28\" data-element_type=\"section\">\n\t\t\t\t\t\t<div class=\"elementor-container elementor-column-gap-default\">\n\t\t\t\t\t<div class=\"elementor-column elementor-col-100 elementor-top-column elementor-element elementor-element-4fb4509\" data-id=\"4fb4509\" data-element_type=\"column\">\n\t\t\t<div class=\"elementor-widget-wrap elementor-element-populated\">\n\t\t\t\t\t\t\t\t<div class=\"elementor-element elementor-element-2452301 elementor-widget elementor-widget-text-editor\" data-id=\"2452301\" data-element_type=\"widget\" data-widget_type=\"text-editor.default\">\n\t\t\t\t<div class=\"elementor-widget-container\">\n\t\t\t\t\t\t\t<h3 style=\"text-align: center;\"><strong><span style=\"color: #008000;\">prodejna je uzav\u0159ena<\/span><\/strong><\/h3><h1 style=\"text-align: center;\"><strong><em><span style=\"color: #ff0000;\">SERVIS TELEFON\u016e POKRA\u010cUJE<\/span>\u00a0 \u00a0<\/em><\/strong><\/h1><h2 style=\"text-align: center;\">\u00a0domluvte se telefonicky na\u00a0 vyzvednut\u00ed telefonu<br \/>u V\u00e1s doma nebo v pr\u00e1ci<\/h2><div>\u00a0<\/div><h2 style=\"text-align: center;\">\u00a0nebo si objednejte SVOZ TELEFONU NA OPRAVU ZDARMA<\/h2><h2 style=\"text-align: center;\">sta\u010d\u00ed pak don\u00e9st na jakoukoli Z\u00e1silkovnu<\/h2><div>\u00a0<\/div>\t\t\t\t\t\t<\/div>\n\t\t\t\t<\/div>\n\t\t\t\t\t<\/div>\n\t\t<\/div>\n\t\t\t\t\t\t\t<\/div>\n\t\t<\/section>\n\t\t\t\t<section class=\"elementor-section elementor-top-section elementor-element elementor-element-802653a elementor-section-boxed elementor-section-height-default elementor-section-height-default\" data-id=\"802653a\" data-element_type=\"section\">\n\t\t\t\t\t\t<div class=\"elementor-container elementor-column-gap-default\">\n\t\t\t\t\t<div class=\"elementor-column elementor-col-100 elementor-top-column elementor-element elementor-element-0c1c315\" data-id=\"0c1c315\" data-element_type=\"column\">\n\t\t\t<div class=\"elementor-widget-wrap elementor-element-populated\">\n\t\t\t\t\t\t\t\t<div class=\"elementor-element elementor-element-abbb5c4 elementor-widget elementor-widget-text-editor\" data-id=\"abbb5c4\" data-element_type=\"widget\" data-widget_type=\"text-editor.default\">\n\t\t\t\t<div class=\"elementor-widget-container\">\n\t\t\t\t\t\t\t<h2 style=\"font-size: 2.33333rem; font-style: normal; text-align: center;\"><span style=\"font-weight: bold; color: #ff0000;\">telefon nebo Whatsapp\u00a0<span style=\"font-size: 35px; color: #000000;\"><u>736 17 17 17\u00a0<\/u><\/span><\/span><\/h2><div><h2 style=\"text-align: center;\"><b style=\"font-style: inherit; color: #ff0000;\">email: <span style=\"color: #000000;\"><u>multimobil@multimobil.cz<\/u><\/span>\u00a0\u00a0<\/b><\/h2><h2 style=\"text-align: center;\">\u00a0<\/h2><\/div>\t\t\t\t\t\t<\/div>\n\t\t\t\t<\/div>\n\t\t\t\t\t<\/div>\n\t\t<\/div>\n\t\t\t\t\t\t\t<\/div>\n\t\t<\/section>\n\t\t\t\t<section class=\"elementor-section elementor-top-section elementor-element elementor-element-6tugz3i elementor-section-boxed elementor-section-height-default elementor-section-height-default\" data-id=\"6tugz3i\" data-element_type=\"section\" data-settings=\"{&quot;background_background&quot;:&quot;classic&quot;}\">\n\t\t\t\t\t\t\t<div class=\"elementor-background-overlay\"><\/div>\n\t\t\t\t\t\t\t<div class=\"elementor-container elementor-column-gap-default\">\n\t\t\t\t\t<div class=\"elementor-column elementor-col-100 elementor-top-column elementor-element elementor-element-yzvqp3v\" data-id=\"yzvqp3v\" data-element_type=\"column\" id=\"dental_reviews\">\n\t\t\t<div class=\"elementor-widget-wrap elementor-element-populated\">\n\t\t\t\t\t\t\t\t<div class=\"elementor-element elementor-element-96ykvg4 elementor-widget elementor-widget-spacer\" data-id=\"96ykvg4\" data-element_type=\"widget\" data-widget_type=\"spacer.default\">\n\t\t\t\t<div class=\"elementor-widget-container\">\n\t\t\t\t\t<div class=\"elementor-spacer\">\n\t\t\t<div class=\"elementor-spacer-inner\"><\/div>\n\t\t<\/div>\n\t\t\t\t<\/div>\n\t\t\t\t<\/div>\n\t\t\t\t<div class=\"elementor-element elementor-element-s42g9ot elementor-widget elementor-widget-heading\" data-id=\"s42g9ot\" data-element_type=\"widget\" data-widget_type=\"heading.default\">\n\t\t\t\t<div class=\"elementor-widget-container\">\n\t\t\t<h2 class=\"elementor-heading-title elementor-size-default\">MULTIMOBIL s.r.o.  s v\u00e1mi od roku 1999<\/h2>\t\t<\/div>\n\t\t\t\t<\/div>\n\t\t\t\t<div class=\"elementor-element elementor-element-k40gpt3 elementor-widget elementor-widget-heading\" data-id=\"k40gpt3\" data-element_type=\"widget\" data-widget_type=\"heading.default\">\n\t\t\t\t<div class=\"elementor-widget-container\">\n\t\t\t<h3 class=\"elementor-heading-title elementor-size-default\">Servis s nejdel\u0161\u00ed tradici v Jablonci n. N.<br>\n\n<p class=\"MsoListParagraph\"><b><span style=\"font-size:28.0pt;mso-bidi-font-size:28.0pt;line-height:107%;mso-ascii-font-family:\nCalibri;mso-hansi-font-family:Calibri;mso-bidi-font-family:Calibri;color:red\">D\u011bkujeme\nza Va\u0161i p\u0159\u00edze\u0148 po dobu 25 let a douf\u00e1me, \u017ee v&nbsp;oblasti servisu se budeme\npotk\u00e1vat d\u00e1l.<\/span><\/b><span style=\"font-size: 1.66667rem; font-weight: 700;\"><\/span><\/p><br>\n\n<p class=\"MsoNormal\" style=\"margin-left:18.0pt\"><b><span style=\"font-size:32.0pt;line-height:107%;mso-ascii-font-family:\nCalibri;mso-hansi-font-family:Calibri;mso-bidi-font-family:Calibri;color:red\">OPRAVY\nTELEFON\u016e V\u0160ECH ZNA\u010cEK<o:p><\/o:p><\/span><\/b><\/p>\n\n<p class=\"MsoListParagraphCxSpFirst\" style=\"text-indent:-18.0pt;mso-list:l0 level1 lfo1\"><!--[if !supportLists]--><span style=\"font-size:28.0pt;line-height:107%;font-family:Symbol;mso-fareast-font-family:\nSymbol;mso-bidi-font-family:Symbol;color:black;mso-themecolor:text1\">\u00b7<span style=\"font-style: normal; font-variant-numeric: normal; font-variant-east-asian: normal; font-variant-alternates: normal; font-size-adjust: none; font-kerning: auto; font-optical-sizing: auto; font-feature-settings: normal; font-variation-settings: normal; font-variant-position: normal; font-weight: normal; font-stretch: normal; font-size: 7pt; line-height: normal; font-family: &quot;Times New Roman&quot;;\">&nbsp;&nbsp;&nbsp;&nbsp;&nbsp;&nbsp;&nbsp;&nbsp;&nbsp;&nbsp;&nbsp;&nbsp;&nbsp;&nbsp;&nbsp;&nbsp;&nbsp;&nbsp;&nbsp;&nbsp;\n<\/span><\/span><!--[endif]--><b><span style=\"font-size:28.0pt;line-height:107%;mso-ascii-font-family:Calibri;\nmso-hansi-font-family:Calibri;mso-bidi-font-family:Calibri;color:black;\nmso-themecolor:text1\">V\u00ddM\u011aNY LCD<o:p><\/o:p><\/span><\/b><\/p>\n\n<p class=\"MsoListParagraphCxSpMiddle\" style=\"text-indent:-18.0pt;mso-list:l0 level1 lfo1\"><!--[if !supportLists]--><span style=\"font-size:28.0pt;line-height:107%;font-family:Symbol;mso-fareast-font-family:\nSymbol;mso-bidi-font-family:Symbol;color:black;mso-themecolor:text1\">\u00b7<span style=\"font-style: normal; font-variant-numeric: normal; font-variant-east-asian: normal; font-variant-alternates: normal; font-size-adjust: none; font-kerning: auto; font-optical-sizing: auto; font-feature-settings: normal; font-variation-settings: normal; font-variant-position: normal; font-weight: normal; font-stretch: normal; font-size: 7pt; line-height: normal; font-family: &quot;Times New Roman&quot;;\">&nbsp;&nbsp;&nbsp;&nbsp;&nbsp;&nbsp;&nbsp;&nbsp;&nbsp;&nbsp;&nbsp;&nbsp;&nbsp;&nbsp;&nbsp;&nbsp;&nbsp;&nbsp;&nbsp;&nbsp;\n<\/span><\/span><!--[endif]--><b><span style=\"font-size:28.0pt;line-height:107%;mso-ascii-font-family:Calibri;\nmso-hansi-font-family:Calibri;mso-bidi-font-family:Calibri;color:black;\nmso-themecolor:text1\">OPRAVA NAB\u00cdJEN\u00cd<o:p><\/o:p><\/span><\/b><\/p>\n\n<p class=\"MsoListParagraphCxSpMiddle\" style=\"text-indent:-18.0pt;mso-list:l0 level1 lfo1\"><!--[if !supportLists]--><span style=\"font-size:28.0pt;line-height:107%;font-family:Symbol;mso-fareast-font-family:\nSymbol;mso-bidi-font-family:Symbol;color:black;mso-themecolor:text1\">\u00b7<span style=\"font-style: normal; font-variant-numeric: normal; font-variant-east-asian: normal; font-variant-alternates: normal; font-size-adjust: none; font-kerning: auto; font-optical-sizing: auto; font-feature-settings: normal; font-variation-settings: normal; font-variant-position: normal; font-weight: normal; font-stretch: normal; font-size: 7pt; line-height: normal; font-family: &quot;Times New Roman&quot;;\">&nbsp;&nbsp;&nbsp;&nbsp;&nbsp;&nbsp;&nbsp;&nbsp;&nbsp;&nbsp;&nbsp;&nbsp;&nbsp;&nbsp;&nbsp;&nbsp;&nbsp;&nbsp;&nbsp;&nbsp;\n<\/span><\/span><!--[endif]--><b><span style=\"font-size:28.0pt;line-height:107%;mso-ascii-font-family:Calibri;\nmso-hansi-font-family:Calibri;mso-bidi-font-family:Calibri;color:black;\nmso-themecolor:text1\">P\u0158ENOS DAT DO NOV\u00c9HO TELEFONU<o:p><\/o:p><\/span><\/b><\/p>\n\n<p class=\"MsoListParagraphCxSpMiddle\" style=\"text-indent:-18.0pt;mso-list:l0 level1 lfo1\"><!--[if !supportLists]--><span style=\"font-size:28.0pt;line-height:107%;font-family:Symbol;mso-fareast-font-family:\nSymbol;mso-bidi-font-family:Symbol;color:black;mso-themecolor:text1\">\u00b7<span style=\"font-style: normal; font-variant-numeric: normal; font-variant-east-asian: normal; font-variant-alternates: normal; font-size-adjust: none; font-kerning: auto; font-optical-sizing: auto; font-feature-settings: normal; font-variation-settings: normal; font-variant-position: normal; font-weight: normal; font-stretch: normal; font-size: 7pt; line-height: normal; font-family: &quot;Times New Roman&quot;;\">&nbsp;&nbsp;&nbsp;&nbsp;&nbsp;&nbsp;&nbsp;&nbsp;&nbsp;&nbsp;&nbsp;&nbsp;&nbsp;&nbsp;&nbsp;&nbsp;&nbsp;&nbsp;&nbsp;&nbsp;\n<\/span><\/span><!--[endif]--><b><span style=\"font-size:28.0pt;line-height:107%;mso-ascii-font-family:Calibri;\nmso-hansi-font-family:Calibri;mso-bidi-font-family:Calibri;color:black;\nmso-themecolor:text1\">Z\u00c1CHRANA DAT Z&nbsp;ROZBIT\u00c9HO TELEFONU<o:p><\/o:p><\/span><\/b><\/p>\n\n<p class=\"MsoListParagraphCxSpMiddle\" style=\"text-indent:-18.0pt;mso-list:l0 level1 lfo1\"><!--[if !supportLists]--><span style=\"font-size:28.0pt;line-height:107%;font-family:Symbol;mso-fareast-font-family:\nSymbol;mso-bidi-font-family:Symbol;color:black;mso-themecolor:text1\">\u00b7<span style=\"font-style: normal; font-variant-numeric: normal; font-variant-east-asian: normal; font-variant-alternates: normal; font-size-adjust: none; font-kerning: auto; font-optical-sizing: auto; font-feature-settings: normal; font-variation-settings: normal; font-variant-position: normal; font-weight: normal; font-stretch: normal; font-size: 7pt; line-height: normal; font-family: &quot;Times New Roman&quot;;\">&nbsp;&nbsp;&nbsp;&nbsp;&nbsp;&nbsp;&nbsp;&nbsp;&nbsp;&nbsp;&nbsp;&nbsp;&nbsp;&nbsp;&nbsp;&nbsp;&nbsp;&nbsp;&nbsp;&nbsp;\n<\/span><\/span><!--[endif]--><b><span style=\"font-size:28.0pt;line-height:107%;mso-ascii-font-family:Calibri;\nmso-hansi-font-family:Calibri;mso-bidi-font-family:Calibri;color:black;\nmso-themecolor:text1\">ODBLOKOV\u00c1N\u00cd K\u00d3DU NEBO GOOGLE \u00da\u010cTU<o:p><\/o:p><\/span><\/b><\/p>\n\n<p class=\"MsoListParagraphCxSpMiddle\" style=\"text-indent:-18.0pt;mso-list:l0 level1 lfo1\"><!--[if !supportLists]--><span style=\"font-size:28.0pt;line-height:107%;font-family:Symbol;mso-fareast-font-family:\nSymbol;mso-bidi-font-family:Symbol;color:black;mso-themecolor:text1\">\u00b7<span style=\"font-style: normal; font-variant-numeric: normal; font-variant-east-asian: normal; font-variant-alternates: normal; font-size-adjust: none; font-kerning: auto; font-optical-sizing: auto; font-feature-settings: normal; font-variation-settings: normal; font-variant-position: normal; font-weight: normal; font-stretch: normal; font-size: 7pt; line-height: normal; font-family: &quot;Times New Roman&quot;;\">&nbsp;&nbsp;&nbsp;&nbsp;&nbsp;&nbsp;&nbsp;&nbsp;&nbsp;&nbsp;&nbsp;&nbsp;&nbsp;&nbsp;&nbsp;&nbsp;&nbsp;&nbsp;&nbsp;&nbsp;\n<\/span><\/span><!--[endif]--><b><span style=\"font-size:28.0pt;line-height:107%;mso-ascii-font-family:Calibri;\nmso-hansi-font-family:Calibri;mso-bidi-font-family:Calibri;color:black;\nmso-themecolor:text1\">OPRAVY SOFTWARE, ODSTRAN\u011aN\u00cd VIR\u016e<o:p><\/o:p><\/span><\/b><\/p>\n\n<p class=\"MsoListParagraphCxSpLast\" style=\"text-indent:-18.0pt;mso-list:l0 level1 lfo1\"><!--[if !supportLists]--><span style=\"font-size:28.0pt;line-height:107%;font-family:Symbol;mso-fareast-font-family:\nSymbol;mso-bidi-font-family:Symbol;color:black;mso-themecolor:text1\">\u00b7<span style=\"font-style: normal; font-variant-numeric: normal; font-variant-east-asian: normal; font-variant-alternates: normal; font-size-adjust: none; font-kerning: auto; font-optical-sizing: auto; font-feature-settings: normal; font-variation-settings: normal; font-variant-position: normal; font-weight: normal; font-stretch: normal; font-size: 7pt; line-height: normal; font-family: &quot;Times New Roman&quot;;\">&nbsp;&nbsp;&nbsp;&nbsp;&nbsp;&nbsp;&nbsp;&nbsp;&nbsp;&nbsp;&nbsp;&nbsp;&nbsp;&nbsp;&nbsp;&nbsp;&nbsp;&nbsp;&nbsp;&nbsp;\n<\/span><\/span><!--[endif]--><b><span style=\"font-size:28.0pt;line-height:107%;mso-ascii-font-family:Calibri;\nmso-hansi-font-family:Calibri;mso-bidi-font-family:Calibri;color:black;\nmso-themecolor:text1\">A DAL\u0160\u00cd<o:p><\/o:p><\/span><\/b><\/p>\n\n<\/h3>\t\t<\/div>\n\t\t\t\t<\/div>\n\t\t\t\t<div class=\"elementor-element elementor-element-lq0pojm elementor-widget elementor-widget-spacer\" data-id=\"lq0pojm\" data-element_type=\"widget\" data-widget_type=\"spacer.default\">\n\t\t\t\t<div class=\"elementor-widget-container\">\n\t\t\t\t\t<div class=\"elementor-spacer\">\n\t\t\t<div class=\"elementor-spacer-inner\"><\/div>\n\t\t<\/div>\n\t\t\t\t<\/div>\n\t\t\t\t<\/div>\n\t\t\t\t\t<\/div>\n\t\t<\/div>\n\t\t\t\t\t\t\t<\/div>\n\t\t<\/section>\n\t\t\t\t<section class=\"elementor-section elementor-top-section elementor-element elementor-element-c45plrp elementor-section-boxed elementor-section-height-default elementor-section-height-default\" data-id=\"c45plrp\" data-element_type=\"section\" id=\"dental_contact_details\" data-settings=\"{&quot;background_background&quot;:&quot;classic&quot;}\">\n\t\t\t\t\t\t<div class=\"elementor-container elementor-column-gap-default\">\n\t\t\t\t\t<div class=\"elementor-column elementor-col-33 elementor-top-column elementor-element elementor-element-ksip77w\" data-id=\"ksip77w\" data-element_type=\"column\">\n\t\t\t<div class=\"elementor-widget-wrap elementor-element-populated\">\n\t\t\t\t\t\t\t\t<div class=\"elementor-element elementor-element-frlgelc elementor-position-top elementor-widget elementor-widget-image-box\" data-id=\"frlgelc\" data-element_type=\"widget\" data-widget_type=\"image-box.default\">\n\t\t\t\t<div class=\"elementor-widget-container\">\n\t\t\t<div class=\"elementor-image-box-wrapper\"><figure class=\"elementor-image-box-img\"><a href=\"https:\/\/www.google.com\/maps\/place\/Multimobil+S.r.o.\/@50.7234645,15.1676822,19.9z\/data=!4m5!3m4!1s0x470ecad1fb107caf:0x43f0084909b3c47c!8m2!3d50.7234808!4d15.1678485\" tabindex=\"-1\"><img width=\"52\" height=\"52\" src=\"https:\/\/www.multimobil.cz\/wp-content\/uploads\/2019\/07\/map.png\" class=\"attachment-full size-full wp-image-748\" alt=\"\" loading=\"lazy\" \/><\/a><\/figure><div class=\"elementor-image-box-content\"><p class=\"elementor-image-box-description\">Objednejte si svoz nebo osobn\u00ed vyzvednut\u00ed v Jablonci, Liberci, Rychnov\u011b, Turnov\u011b, Hodkovic\u00edch a okol\u00ed<\/p><\/div><\/div>\t\t<\/div>\n\t\t\t\t<\/div>\n\t\t\t\t\t<\/div>\n\t\t<\/div>\n\t\t\t\t<div class=\"elementor-column elementor-col-33 elementor-top-column elementor-element elementor-element-rx34j6m\" data-id=\"rx34j6m\" data-element_type=\"column\">\n\t\t\t<div class=\"elementor-widget-wrap elementor-element-populated\">\n\t\t\t\t\t\t\t\t<div class=\"elementor-element elementor-element-5pdscss elementor-position-top elementor-widget elementor-widget-image-box\" data-id=\"5pdscss\" data-element_type=\"widget\" data-widget_type=\"image-box.default\">\n\t\t\t\t<div class=\"elementor-widget-container\">\n\t\t\t<div class=\"elementor-image-box-wrapper\"><figure class=\"elementor-image-box-img\"><img width=\"52\" height=\"52\" src=\"https:\/\/www.multimobil.cz\/wp-content\/uploads\/2019\/07\/phone.png\" class=\"attachment-full size-full wp-image-749\" alt=\"\" loading=\"lazy\" \/><\/figure><div class=\"elementor-image-box-content\"><p class=\"elementor-image-box-description\">736171717<\/br>\n<\/p><\/div><\/div>\t\t<\/div>\n\t\t\t\t<\/div>\n\t\t\t\t\t<\/div>\n\t\t<\/div>\n\t\t\t\t<div class=\"elementor-column elementor-col-33 elementor-top-column elementor-element elementor-element-grlv5tb\" data-id=\"grlv5tb\" data-element_type=\"column\">\n\t\t\t<div class=\"elementor-widget-wrap elementor-element-populated\">\n\t\t\t\t\t\t\t\t<div class=\"elementor-element elementor-element-99q5jrw elementor-position-top elementor-widget elementor-widget-image-box\" data-id=\"99q5jrw\" data-element_type=\"widget\" data-widget_type=\"image-box.default\">\n\t\t\t\t<div class=\"elementor-widget-container\">\n\t\t\t<div class=\"elementor-image-box-wrapper\"><figure class=\"elementor-image-box-img\"><img width=\"52\" height=\"52\" src=\"https:\/\/www.multimobil.cz\/wp-content\/uploads\/2019\/07\/email.png\" class=\"attachment-full size-full wp-image-750\" alt=\"\" loading=\"lazy\" \/><\/figure><div class=\"elementor-image-box-content\"><p class=\"elementor-image-box-description\">multimobil@multimobil.cz\n<\/p><\/div><\/div>\t\t<\/div>\n\t\t\t\t<\/div>\n\t\t\t\t\t<\/div>\n\t\t<\/div>\n\t\t\t\t\t\t\t<\/div>\n\t\t<\/section>\n\t\t\t\t\t\t\t<\/div>\n\t\t","protected":false},"excerpt":{"rendered":"<p>prodejna je uzav\u0159ena SERVIS TELEFON\u016e POKRA\u010cUJE\u00a0 \u00a0 \u00a0domluvte se telefonicky na\u00a0 vyzvednut\u00ed telefonuu V\u00e1s doma nebo v pr\u00e1ci \u00a0 \u00a0nebo si objednejte SVOZ TELEFONU NA OPRAVU ZDARMA sta\u010d\u00ed pak don\u00e9st na jakoukoli Z\u00e1silkovnu \u00a0 telefon nebo Whatsapp\u00a0736 17 17 17\u00a0 email: multimobil@multimobil.cz\u00a0\u00a0 \u00a0 MULTIMOBIL s.r.o. s v\u00e1mi od roku 1999 Servis s nejdel\u0161\u00ed tradici v &hellip;<\/p>\n<p class=\"read-more\"> <a class=\"\" href=\"https:\/\/www.multimobil.cz\/\"> <span class=\"screen-reader-text\">Home<\/span> Read More &raquo;<\/a><\/p>\n","protected":false},"author":1,"featured_media":745,"parent":0,"menu_order":0,"comment_status":"closed","ping_status":"closed","template":"","meta":[],"_links":{"self":[{"href":"https:\/\/www.multimobil.cz\/index.php?rest_route=\/wp\/v2\/pages\/715"}],"collection":[{"href":"https:\/\/www.multimobil.cz\/index.php?rest_route=\/wp\/v2\/pages"}],"about":[{"href":"https:\/\/www.multimobil.cz\/index.php?rest_route=\/wp\/v2\/types\/page"}],"author":[{"embeddable":true,"href":"https:\/\/www.multimobil.cz\/index.php?rest_route=\/wp\/v2\/users\/1"}],"replies":[{"embeddable":true,"href":"https:\/\/www.multimobil.cz\/index.php?rest_route=%2Fwp%2Fv2%2Fcomments&post=715"}],"version-history":[{"count":190,"href":"https:\/\/www.multimobil.cz\/index.php?rest_route=\/wp\/v2\/pages\/715\/revisions"}],"predecessor-version":[{"id":1043,"href":"https:\/\/www.multimobil.cz\/index.php?rest_route=\/wp\/v2\/pages\/715\/revisions\/1043"}],"wp:featuredmedia":[{"embeddable":true,"href":"https:\/\/www.multimobil.cz\/index.php?rest_route=\/wp\/v2\/media\/745"}],"wp:attachment":[{"href":"https:\/\/www.multimobil.cz\/index.php?rest_route=%2Fwp%2Fv2%2Fmedia&parent=715"}],"curies":[{"name":"wp","href":"https:\/\/api.w.org\/{rel}","templated":true}]}}